b = 142 + -122. Suppose -58 - b = -3*c. Calculate the remainder when c is divided by -9*1*(-2 + 1).
8
Suppose -18*b = 4*b - 1122. What is the remainder when b is divided by 5?
1
Suppose 5*x - 80 = x. What is the remainder when 318 is divided by x?
18
Suppose 0*h - 4*h + 36 = 0. Let p = 801 - 796. Calculate the remainder when h is divided by p.
4
Let l = -29 - -29. Suppose -t - 2*y - 1 = l, -4 - 14 = -4*t + 3*y. Suppose 2 = -p + 5. Calculate the remainder when t is divided by p.
0
Suppose 230 = 5*t - 40. What is the remainder when 121 is divided by t?
13
Let p(l) = -l + 4. Suppose 0 = 2*r + 2, 0*r = -5*j + r + 26. Suppose z + 4*z + 44 = 4*w, 55 = j*w - 2*z. Calculate the remainder when w is divided by p(0).
3
Suppose 7*r = 2*r + 4*y + 26, 2*r = -y. Suppose -r*m = -5*l - 31 - 22, 0 = -3*m + 3*l + 75. What is the remainder when 45 is divided by m?
21
Let i(g) = -g**3 + 15*g**2 + 30*g - 54. Calculate the remainder when i(16) is divided by 73.
24
Suppose 13*u - 330 = 16*u. What is the remainder when u/(-9) - 18/81 is divided by 5?
2
Let w = 473 - 456. Calculate the remainder when 284 is divided by w.
12
Let k be (2/1)/((-15)/660). Let g = -4 - k. Suppose 4*d - 2*d + g = 5*o, o = d + 15. Calculate the remainder when 70 is divided by o.
16
Calculate the remainder when -9 + 9 - (3 - 106) is divided by 5.
3
Let l(d) = 28*d**2 - 17*d + 25. What is the remainder when l(4) is divided by 17?
14
Suppose 103 = 4*b - 257. Suppose -2*u - b = -5*u. What is the remainder when 59 is divided by u?
29
Suppose -3*a + 27 = -24. Let f(i) = i**3 + 7*i + 11. Calculate the remainder when a is divided by f(0).
6
Let t(w) = -w**2 - 18. Let i be t(0). Let x = -187 + 189. What is the remainder when 35 is divided by (-1)/x - 189/i?
5
What is the remainder when (-7)/(7/(-423)) + -4 is divided by 86?
75
Let m = 52 + -47. Suppose 0 = -5*c + 3*r + 39, 18 = 5*c - 2*r - 23. Suppose 90 = c*n - 4*n. Calculate the remainder when n is divided by m.
3
Let h = 3 - 3. Suppose 4*x - 2*s - 94 = 0, h*x + 4*x = 3*s + 91. Suppose 0*t = -5*t + x. What is the remainder when 8 is divided by t?
3
Let t = -273 + 290. What is the remainder when 186 is divided by t?
16
Suppose -2*s - 3*s + 205 = 3*m, 3*s - 99 = 3*m. Let i(b) = -19*b + 1499. Calculate the remainder when i(73) is divided by s.
36
Suppose 0 = -4*m - z + 1112, 0 = -5*m + 2*m + z + 827. What is the remainder when m is divided by 31?
29
Suppose 3*r + 370 = 4*g, -5*g = -8*g - r + 271. What is the remainder when 176 is divided by g?
85
Let n(y) = -y**3 + 7*y**2 - 5*y - 3. Let t be n(6). Suppose -3*v = -p + t, 26 = -4*p + 4*v - 2. Let u = p + 20. Calculate the remainder when 21 is divided by u.
5
Let t(n) = 12*n + 13. What is the remainder when t(5) is divided by 24 + -1 + -7 + 6 + -2?
13
Let a(j) = j**3 - 10*j**2 - 9*j. Let l = 44 - 33. What is the remainder when 43 is divided by a(l)?
21
Suppose 3*a + 28 = 10*a. Suppose -3*w + 133 = a*u, 0 = -5*u + 3*w + 31 + 115. Let i = 42 - 31. Calculate the remainder when u is divided by i.
9
Let h(o) = -o**3 + 4*o**2 + o - 3. Let d be h(3). Suppose -2*w - 98 = -d*w. What is the remainder when w is divided by 9?
5
Suppose 16*a = -4*a + 540. Let p be 4 + -5 + (0 - -17). Suppose -2*v = 2*v - p, 2*r + 3*v = 32. Calculate the remainder when a is divided by r.
7
Let b(a) = -11*a**3 - 1. Let g be (-5)/((-25)/10) - (0 - 34). Let z = -32 + g. What is the remainder when b(-1) is divided by z?
2
Calculate the remainder when 225 is divided by (3/(-4) + 105/(-12))*-2.
16
Let y(q) = -6*q - 3. Let t be y(7). Let r = t + 55. Let s = 7 + -4. Calculate the remainder when r is divided by s.
1
Suppose 3 = -3*q - 18. Let y = -9 - q. Calculate the remainder when 66 is divided by (-3 + -31)*1/y.
15
Let j be (-3 + 1)*(-13427)/(-58). Let l = -247 - j. What is the remainder when l is divided by 31?
30
Calculate the remainder when ((-198)/27 - -7)*-39 is divided by 6.
1
Let a be -4 - (-12 - -4) - 18. Let s = 37 + a. Suppose 5*q = z + 19, q = 4*z - z - 13. Calculate the remainder when s is divided by z.
5
Suppose 0 = -12*t + 135 + 105. What is the remainder when 378 is divided by t?
18
Suppose -b - 49 = -c - 6*b, 0 = -c + 4*b + 76. Calculate the remainder when c is divided by 11.
9
Suppose 0*v - 10*v + 20 = 0. Calculate the remainder when 19 is divided by v*((-15)/(-2) + -2).
8
Suppose -2*z = 5*h + 7, 0 = z - 3*h - 8 - 5. Suppose 2*s - 6*s = -4. Let y = 3 - s. What is the remainder when z is divided by y?
0
Let k = 100 + -98. Suppose k*z = -10, -3*z = -b + z + 57. Calculate the remainder when b is divided by 13.
11
Let v be (-2 + 1)*3/(-3). Suppose 42 = 2*y + 180. Calculate the remainder when (-1 - -1) + v - y is divided by 18.
16
Suppose -5*o - 19*u = -20*u - 14, -2*u = 8. What is the remainder when o is divided by 6/4*(-16)/(-12)?
0
Let t = -8 + 17. Suppose t*n - 65 = 4*n. Calculate the remainder when (-35)/5*(-28)/4 is divided by n.
10
Suppose 5*f - 16 = -3*v, 7 = 3*v + 4*f - 4. What is the remainder when 6 is divided by 2/(-4)*(v + -7)?
1
Let g = 100 - 84. Calculate the remainder when 175 is divided by g.
15
Let t be -4*((-4 - 3) + -3). Let v = t - 33. Calculate the remainder when 13 is divided by v.
6
Let b = 23 + -20. Suppose 4*y + r - 40 = 0, 2*r = -b*y + 41 - 16. What is the remainder when 35 is divided by y?
2
Suppose -2*k = 4*j - 18, -5*k + j - 1 = -2. What is the remainder when (-4)/(-30) + (k - (-6294)/45) is divided by 36?
33
Let w = 913 - 835. What is the remainder when w is divided by 16?
14
Suppose 0 = -c + 24*c - 253. Calculate the remainder when (-1716)/(-55) + (-1)/5 is divided by c.
9
Let m(x) = 3*x**2 - 23*x + 11. Let p be m(9). Suppose 4*l - 123 = -p. Calculate the remainder when l is divided by 4.
3
Let k(i) = 7*i**3 - 17*i**3 - 2*i**2 + 2*i**2 + 1. Let u be k(-1). Suppose -16*b + 185 = -u*b. Calculate the remainder when b is divided by 13.
11
Let m = 23 - 55. Let t = -13 - m. What is the remainder when 150 is divided by t?
17
Suppose -177*j = -167*j - 1780. Let p(d) = 19*d**2 - 2*d - 1. What is the remainder when j is divided by p(-1)?
18
Suppose -40*s = -5*x - 35*s + 7220, -5*x + 7205 = -2*s. Calculate the remainder when x is divided by 72.
71
Let s be 2*(-2 - 20/(-8)). Let u = 65 + s. Let p = -35 + 52. What is the remainder when u is divided by p?
15
Let o(f) = -f**2 - 12*f - 11. Suppose -4*l - 32 + 12 = 0. What is the remainder when 93 is divided by o(l)?
21
Let l = 1160 + -2404. Let o = l + 635. Calculate the remainder when o/(-35) + (-2)/5 is divided by 6.
5
Let n = 5 + 0. Suppose 3*a - p = -3*p - 242, n*p + 154 = -2*a. Let c = -59 - a. What is the remainder when c is divided by 8?
7
Suppose 324 = 10*o + 4. Calculate the remainder when 93 is divided by o.
29
Suppose -i + 0*d = 2*d - 208, 4*d + 8 = 0. What is the remainder when i is divided by 35?
2
Suppose -l = -10 - 52. Let c = 110 - l. Let d = c + -18. What is the remainder when d is divided by 11?
8
Suppose 8*j = 454 + 1634. What is the remainder when j is divided by 34?
23
Suppose 32*q - 747 = 629. Let l = -61 - -96. Let d = -13 + l. Calculate the remainder when q is divided by d.
21
Let v = 174 + 27. Calculate the remainder when v is divided by 66.
3
What is the remainder when 52 is divided by 14/(784/1106) + 2/8?
12
Let z = -79 + 90. Suppose 4*f + 3*h = 22, -f + 0 = -2*h - z. Calculate the remainder when 26 is divided by f.
5
Suppose f - 6 = -3*l + 2*f, l - 2 = 5*f. Suppose t + l = -4*a + 13, 2*a + 2*t = 4. What is the remainder when a is divided by 1?
0
Let y = 5 - 3. Let q be ((-1)/3)/((-34)/3672). Let z = q + y. What is the remainder when 149 is divided by z?
35
Let s = -32 + 40. Let p be (-53)/3 - s/24. Let w = 24 + p. What is the remainder when 22 is divided by w?
4
Let c = 1037 - 963. What is the remainder when c is divided by 21?
11
Let k = 47 + -25. Suppose -6 = 2*x - 3*o, -x - k = -3*x - 4*o. Calculate the remainder when (-1*1)/((-2)/14) is divided by x.
1
Suppose 3*c = -3*h + 5*c - 241, 5*c = -3*h - 227. Let b = h - -92. What is the remainder when 63 is divided by b?
11
Let q(d) = 12*d**2 - 6*d + 7. Let f be q(3). Let l = f + -55. Let m = l + -24. What is the remainder when 53 is divided by m?
17
Let u = -286 + 310. What is the remainder when 63 is divided by u?
15
Suppose 5*t - 2050 = 5*k, -16*t = -11*t + 3*k - 2042. Calculate th